{"id":1174,"date":"2012-04-29T11:52:48","date_gmt":"2012-04-29T11:52:48","guid":{"rendered":"http:\/\/www.jeunes-urbanistes.fr\/?page_id=1174"},"modified":"2018-01-13T19:05:22","modified_gmt":"2018-01-13T17:05:22","slug":"nous-contacter","status":"publish","type":"page","link":"http:\/\/www.jeunes-urbanistes.fr\/?page_id=1174","title":{"rendered":"nous contacter"},"content":{"rendered":"<p>Vous pouvez contacter le Collectif National des Jeunes Urbanistes par :<\/p>\n<p><strong>Courriel<\/strong><\/p>\n<p>cnju@cnju.fr<\/p>\n<p><strong>Courrier<\/strong><\/p>\n<p>Collectif National des Jeunes Urbanistes<br \/>\n22, rue Joubert<br \/>\n75009 Paris<\/p>\n<p><strong>T\u00e9l\u00e9phone \u00a0<\/strong><\/p>\n<p>T\u00e9l. mobile : 06 26 01 36 39<\/p>\n<p><strong>Informations l\u00e9gales<\/strong><\/p>\n<p>Le site Internet www.jeunes-urbanistes.fr ainsi que l&rsquo;ensemble de ses sous-rubriques est un service du Collectif National des Jeunes-Urbanistes (CNJU).<\/p>\n<p>Directeur de la publication : Cl\u00e9ment MARQUIS<\/p>\n<p>Conform\u00e9ment \u00e0 l\u2019article L. 122-4 du Code de la propri\u00e9t\u00e9 intellectuelle fran\u00e7aise, il est interdit de reproduire, copier, modifier, transmettre, diffuser de toute mani\u00e8re que ce soit, m\u00eame partiellement, sur tout type de support, tout \u00e9l\u00e9ment provenant de ce site (par exemple, mais non exclusivement : textes, logos, images, \u00e9l\u00e9ments, ic\u00f4nes) sans l\u2019autorisation explicite et pr\u00e9alable du Collectif National des Jeunes Urbanistes.<\/p>\n<p>Pour toute demande de reproduction d&rsquo;\u00e9l\u00e9ments contenus dans le site Internet du CNJU, merci de nous contacter par courrier ou par courriel : cnju@cnju.fr<\/p>\n<p>&nbsp;<\/p>\n<p><strong>H\u00e9bergement<\/strong><\/p>\n<p>Ce site est h\u00e9berg\u00e9 par :<\/p>\n<p>1&amp;1 Internet SARL<br \/>\n7 place de la Gare<br \/>\nBP 70109<br \/>\n57201 SARREGUEMINES Cedex<\/p>\n","protected":false},"excerpt":{"rendered":"<p>Vous pouvez contacter le Collectif National des Jeunes Urbanistes par : Courriel cnju@cnju.fr Courrier Collectif National des Jeunes Urbanistes 22, rue Joubert 75009 Paris T\u00e9l\u00e9phone&#8230;<\/p>\n","protected":false},"author":1,"featured_media":0,"parent":0,"menu_order":6,"comment_status":"closed","ping_status":"closed","template":"","meta":{"jetpack_post_was_ever_published":false,"footnotes":""},"jetpack_sharing_enabled":true,"_links":{"self":[{"href":"http:\/\/www.jeunes-urbanistes.fr\/index.php?rest_route=\/wp\/v2\/pages\/1174"}],"collection":[{"href":"http:\/\/www.jeunes-urbanistes.fr\/index.php?rest_route=\/wp\/v2\/pages"}],"about":[{"href":"http:\/\/www.jeunes-urbanistes.fr\/index.php?rest_route=\/wp\/v2\/types\/page"}],"author":[{"embeddable":true,"href":"http:\/\/www.jeunes-urbanistes.fr\/index.php?rest_route=\/wp\/v2\/users\/1"}],"replies":[{"embeddable":true,"href":"http:\/\/www.jeunes-urbanistes.fr\/index.php?rest_route=%2Fwp%2Fv2%2Fcomments&post=1174"}],"version-history":[{"count":17,"href":"http:\/\/www.jeunes-urbanistes.fr\/index.php?rest_route=\/wp\/v2\/pages\/1174\/revisions"}],"predecessor-version":[{"id":3704,"href":"http:\/\/www.jeunes-urbanistes.fr\/index.php?rest_route=\/wp\/v2\/pages\/1174\/revisions\/3704"}],"wp:attachment":[{"href":"http:\/\/www.jeunes-urbanistes.fr\/index.php?rest_route=%2Fwp%2Fv2%2Fmedia&parent=1174"}],"curies":[{"name":"wp","href":"https:\/\/api.w.org\/{rel}","templated":true}]}}