{"id":386,"date":"2011-06-29T19:37:18","date_gmt":"2011-06-29T19:37:18","guid":{"rendered":"http:\/\/www.jeunes-urbanistes.fr\/?page_id=386"},"modified":"2017-11-08T23:44:02","modified_gmt":"2017-11-08T21:44:02","slug":"printemps-des-urbanistes","status":"publish","type":"page","link":"http:\/\/www.jeunes-urbanistes.fr\/?page_id=386","title":{"rendered":"Animation du r\u00e9seau professionnel"},"content":{"rendered":"<p>Association professionnelle de dimension nationale, le CNJU entend contribuer \u00e0 la f\u00e9d\u00e9ration des urbanistes de France.<\/p>\n<p>Il s&rsquo;appuie sur ses associations membres \u00e0 l\u2019\u00e9chelle locale et sur ses d\u00e9l\u00e9gations r\u00e9gionales pour organiser des rencontres et dynamiser les r\u00e9seaux professionnels.<\/p>\n<p>L\u2019Assembl\u00e9e g\u00e9n\u00e9rale du CNJU du 3 d\u00e9cembre 2016 a act\u00e9 la mise en place de <strong>d\u00e9l\u00e9gations r\u00e9gionales<\/strong>.<\/p>\n<p>Ces d\u00e9l\u00e9gations s\u2019appuient sur des r\u00e9f\u00e9rents r\u00e9gionaux mandat\u00e9s par le collectif pour renforcer son maillage territorial et l\u2019ancrage local des r\u00e9seaux d\u2019urbanistes professionnels. <a href=\"http:\/\/www.jeunes-urbanistes.fr\/?page_id=3572\"><strong>En savoir plus<\/strong><\/a><\/p>\n<p>&nbsp;<\/p>\n<p><strong>HISTORIQUE<\/strong><\/p>\n<p>Ayant appel\u00e9 en septembre 2009 \u00e0 l&rsquo;organisation d\u2019\u00c9tats g\u00e9n\u00e9raux de la profession d&rsquo;urbaniste dans le cadre de la mobilisation nationale sur l&rsquo;acc\u00e8s des urbanistes \u00e0 la Fonction publique territoriale, le CNJU a entrepris un premier tour de France appel\u00e9 <a href=\"http:\/\/www.jeunes-urbanistes.fr\/?p=2121\"><strong>\u00ab\u00a0Printemps des urbanistes\u00a0\u00bb, de 2010 \u00e0 2011<\/strong><\/a>.<\/p>\n<p>Le Collectif a ainsi pris l&rsquo;initiative de proposer des temps d&rsquo;\u00e9changes en r\u00e9gions avec ses associations membres et ses adh\u00e9rents. De nombreuses \u00e9tapes du Printemps des urbanistes ont \u00e9t\u00e9 organis\u00e9es avec l&rsquo;appui des Instituts d&rsquo;urbanisme. Ces rencontres ont permis de poser des premiers \u00e9l\u00e9ments de diagnostic sur l&rsquo;insertion professionnelle des jeunes urbanistes et de les mettre en d\u00e9bat avec d&rsquo;autres r\u00e9seaux professionnels.<\/p>\n<p>Le d\u00e9bat d\u2019orientation de l\u2019Assembl\u00e9e g\u00e9n\u00e9rale du 26 octobre 213 a mis en \u00e9vidence la n\u00e9cessit\u00e9 de renforcer le lien avec les associations membres pour porter le message du CNJU en r\u00e9gions. L\u2019Assembl\u00e9e g\u00e9n\u00e9rale du 26 octobre 2013 a ainsi act\u00e9 la mise en place d\u2019une <strong>commission \u00ab\u00a0R\u00e9seau professionnel\u00a0\u00bb<\/strong>.<\/p>\n<div>La commission travaille \u00e0 :<\/div>\n<div>\n<div>\n<ul>\n<li>nourrir le lien avec les Instituts d\u2019urbanisme pour mobiliser des comp\u00e9tences et des ressources humaines dans le domaine de l\u2019orientation, de la formation permanente et de l\u2019insertion professionnelle ;<\/li>\n<li>renforcer l\u2019ancrage territorial du CNJU en s\u2019appuyant sur les associations de dipl\u00f4m\u00e9s et d\u2019\u00e9tudiants en urbanisme membres ;<\/li>\n<li>D\u00e9velopper des relations avec les r\u00e9seaux europ\u00e9ens d&rsquo;urbanistes et associations d&rsquo;urbanistes en Europe.<\/li>\n<\/ul>\n<\/div>\n<div><\/div>\n<div>Un cycle de rencontres r\u00e9gionales s&rsquo;est d\u00e9roul\u00e9 2014 et 2015 sur le th\u00e8me <em>\u00ab L\u2019insertion professionnelle des urbanistes : orientation, formations et mise en r\u00e9seau des dipl\u00f4m\u00e9s \u00bb.<\/em> Les partenariats locaux avec les Instituts d\u2019Urbanisme se sont renforc\u00e9s afin d&rsquo;aboutir \u00e0 un diagnostic partag\u00e9 sur l&rsquo;\u00e9tat de la profession et de son organisation.<\/div>\n<div>Ces rencontres sont organis\u00e9es prioritairement pour les membres du CNJU en pr\u00e9sence des \u00e9quipes p\u00e9dagogiques des Instituts d&rsquo;Urbanisme et des urbanistes professionnels recruteurs \u00e0 l&rsquo;\u00e9chelle locale. <a href=\"http:\/\/www.jeunes-urbanistes.fr\/?p=2281\" target=\"_blank\"><strong>En savoir plus<\/strong><\/a><\/div>\n<div><\/div>\n<div><\/div>\n<\/div>\n<p>&nbsp;<\/p>\n","protected":false},"excerpt":{"rendered":"<p>Association professionnelle de dimension nationale, le CNJU entend contribuer \u00e0 la f\u00e9d\u00e9ration des urbanistes de France. Il s&rsquo;appuie sur ses associations membres \u00e0 l\u2019\u00e9chelle locale&#8230;<\/p>\n","protected":false},"author":1,"featured_media":0,"parent":73,"menu_order":3,"comment_status":"closed","ping_status":"closed","template":"","meta":{"jetpack_post_was_ever_published":false,"footnotes":""},"jetpack_sharing_enabled":true,"_links":{"self":[{"href":"http:\/\/www.jeunes-urbanistes.fr\/index.php?rest_route=\/wp\/v2\/pages\/386"}],"collection":[{"href":"http:\/\/www.jeunes-urbanistes.fr\/index.php?rest_route=\/wp\/v2\/pages"}],"about":[{"href":"http:\/\/www.jeunes-urbanistes.fr\/index.php?rest_route=\/wp\/v2\/types\/page"}],"author":[{"embeddable":true,"href":"http:\/\/www.jeunes-urbanistes.fr\/index.php?rest_route=\/wp\/v2\/users\/1"}],"replies":[{"embeddable":true,"href":"http:\/\/www.jeunes-urbanistes.fr\/index.php?rest_route=%2Fwp%2Fv2%2Fcomments&post=386"}],"version-history":[{"count":22,"href":"http:\/\/www.jeunes-urbanistes.fr\/index.php?rest_route=\/wp\/v2\/pages\/386\/revisions"}],"predecessor-version":[{"id":3578,"href":"http:\/\/www.jeunes-urbanistes.fr\/index.php?rest_route=\/wp\/v2\/pages\/386\/revisions\/3578"}],"up":[{"embeddable":true,"href":"http:\/\/www.jeunes-urbanistes.fr\/index.php?rest_route=\/wp\/v2\/pages\/73"}],"wp:attachment":[{"href":"http:\/\/www.jeunes-urbanistes.fr\/index.php?rest_route=%2Fwp%2Fv2%2Fmedia&parent=386"}],"curies":[{"name":"wp","href":"https:\/\/api.w.org\/{rel}","templated":true}]}}