{"id":41,"date":"2015-07-17T11:17:21","date_gmt":"2015-07-17T09:17:21","guid":{"rendered":"http:\/\/www.jeunes-urbanistes.fr\/?page_id=41"},"modified":"2022-06-29T13:54:20","modified_gmt":"2022-06-29T11:54:20","slug":"linstitut-durbanisme","status":"publish","type":"page","link":"http:\/\/www.jeunes-urbanistes.fr\/?page_id=41","title":{"rendered":"Les instituts d&rsquo;urbanisme et d&rsquo;am\u00e9nagement du territoire"},"content":{"rendered":"<p style=\"text-align: justify;\">L\u2019offre de formation en urbanisme et am\u00e9nagement du territoire s\u2019est consid\u00e9rablement d\u00e9velopp\u00e9e et diversifi\u00e9e depuis la fin des ann\u00e9es 1960 avec la cr\u00e9ation des Instituts d\u2019urbanisme universitaires. Depuis leur d\u00e9veloppement dans les ann\u00e9es 1980-1990 et les lois de d\u00e9centralisation, ces \u00e9tablissements d\u00e9livrent une offre de formation compl\u00e8te dans le domaine de l\u2019urbanisme (DESS, DEA, puis Master, Doctorat). Il existe une fili\u00e8re compl\u00e8te de dipl\u00f4mes \u00e0 chaque niveau formant \u00e0 titre principal des urbanistes (3e ann\u00e9e de Licence pr\u00e9paratoire, Master et Doctorat).<\/p>\n<p style=\"text-align: justify;\"><b>Il n&rsquo;existe aucune d\u00e9finition officielle de l&rsquo;expression \u00ab\u00a0Institut d&rsquo;urbanisme\u00a0\u00bb.<\/b>\u00a0Certains \u00e9tablissements et composantes d&rsquo;Enseignement sup\u00e9rieur s&rsquo;affichent en tant qu&rsquo;Institut (r\u00e9gi ou non par l&rsquo;<a href=\"http:\/\/www.legifrance.gouv.fr\/affichCodeArticle.do?cidTexte=LEGITEXT000006071191&amp;idArticle=LEGIARTI000006525374&amp;dateTexte=20130409\" onclick=\"__gaTracker('send', 'event', 'outbound-article', 'http:\/\/www.legifrance.gouv.fr\/affichCodeArticle.do?cidTexte=LEGITEXT000006071191&amp;idArticle=LEGIARTI000006525374&amp;dateTexte=20130409', 'article L713-9');\" target=\"_blank\">article L713-9<\/a>\u00a0du Code de l\u2019\u00c9ducation), unit\u00e9 de formation et de recherche (UFR) ou d\u00e9partement d&rsquo;urbanisme et d&rsquo;am\u00e9nagement du territoire. Compte tenu de leur positionnement professionnel,\u00a0le CNJU recense <strong>une vingtaine de composantes\u00a0<\/strong><b>plus ou moins autonomes, dont la d\u00e9nomination et l&rsquo;organisation se rapprochent de celles d&rsquo;un Institut d&rsquo;urbanisme et d&rsquo;am\u00e9nagement du territoire.\u00a0<\/b><\/p>\n<h3 style=\"text-align: justify;\"><\/h3>\n<h3 style=\"text-align: justify;\">La particularit\u00e9 des Instituts d&rsquo;Urbanisme : conjuguer enseignement, recherche et professionnalisation&#8230; au croisement des \u00e9tudes urbaines et des politiques publiques<\/h3>\n<p style=\"text-align: justify;\"><b>Les principales caract\u00e9ristiques qui permettent de singulariser ces Instituts d&rsquo;urbanisme sur les autres lieux de formations est sans doute leur adossement \u00e0 la \u00ab\u00a0recherche urbaine\u00a0\u00bb ainsi que leur ouverture sur le monde professionnel.<br \/>\n<\/b><\/p>\n<p style=\"text-align: justify;\">Les enseignements d\u00e9livr\u00e9s au sein des Instituts d&rsquo;urbanisme sont <strong>au croisement des \u00e9tudes urbaines et des politiques publiques<\/strong>, \u00e0 l&rsquo;instar des \u00c9coles d&rsquo;<em>Urban planning<\/em>\u00a0britanniques (lieux d&rsquo;enseignement des\u00a0<em>Urban studies<\/em>). Ils\u00a0pr\u00e9sentent ainsi la particularit\u00e9 de conjuguer recherche acad\u00e9mique et professionnalisation avec <strong>plusieurs phases de mise en situation professionnelle int\u00e9gr\u00e9es au cursus de Master<\/strong>: ateliers, projets collectifs, stages, voyages d&rsquo;\u00e9tudes. De nombreux enseignements (cours, ateliers) sont assur\u00e9s par des intervenants professionnels ext\u00e9rieurs : urbanistes consultants, responsables d&rsquo;agences d&rsquo;urbanisme ou d&rsquo;op\u00e9rateurs de l&rsquo;am\u00e9nagement, etc.<\/p>\n<p style=\"text-align: justify;\"><b>La formation la plus courante des urbanistes dipl\u00f4m\u00e9s, issus de ces Instituts d&rsquo;Urbanisme, est celle d\u2019un Master en Sciences humaines et sociales mention Urbanisme et am\u00e9nagement. <\/b>Certains Instituts d&rsquo;urbanisme proposent la troisi\u00e8me ann\u00e9e de la Licence \u00c9tudes urbaines, comme une ann\u00e9e pr\u00e9paratoire au Master d&rsquo;urbanisme.<\/p>\n<p style=\"text-align: justify;\">Le Doctorat en \u00ab Am\u00e9nagement de l\u2019espace et urbanisme \u00bb permet quant \u00e0 lui d\u2019exercer dans le domaine de l\u2019enseignement et de la recherche en tant qu\u2019urbaniste chercheur. Les \u00e9coles doctorales pr\u00e9parant \u00e0 <strong>la qualification des Docteurs en Am\u00e9nagement de l&rsquo;espace et urbanisme<\/strong> ont une grande proximit\u00e9 avec les Instituts d&rsquo;Urbanisme. R\u00e9partis sur l\u2019ensemble du territoire national dans les m\u00e9tropoles r\u00e9gionales, les Instituts d\u2019urbanisme constituent un r\u00e9seau dense d\u2019enseignants-chercheurs affili\u00e9s \u00e0 la 24e section \u00ab\u00a0Urbanisme et Am\u00e9nagement de l&rsquo;espace\u00a0\u00bb du Conseil National des Universit\u00e9s (CNU) et ancr\u00e9s dans des r\u00e9seaux professionnels d&rsquo;urbanistes. Ils jouent \u00e0 ce titre un r\u00f4le central dans l&rsquo;organisation de la profession d\u2019urbaniste\u00a0: formation initiale et continue, recherche-action, expertise et d\u00e9bat public.<\/p>\n<p style=\"text-align: justify;\">Certains de ces Instituts d&rsquo;urbanisme sont membres de l&rsquo;Association pour la promotion de l&rsquo;enseignement et de la recherche en am\u00e9nagement et urbanisme (<a href=\"http:\/\/www.aperau.org\/\" onclick=\"__gaTracker('send', 'event', 'outbound-article', 'http:\/\/www.aperau.org\/', 'APERAU');\">APERAU<\/a>), d&rsquo;autres n&rsquo;ont pas d&rsquo;affiliation particuli\u00e8re.\u00a0Toutefois, il n\u2019existe pas \u00e0 l\u2019heure actuelle de r\u00e9seau regroupant sp\u00e9cifiquement l\u2019ensemble des instituts d\u2019urbanisme fran\u00e7ais. A ce titre, le CNJU appelle de ses v\u0153ux dans son\u00a0<a href=\"http:\/\/www.jeunes-urbanistes.fr\/?p=1708\">Livre Blanc \u00ab\u00a09 propositions pour organiser la profession d\u2019urbaniste en France\u00a0\u00bb<\/a>, la constitution d\u2019une Conf\u00e9rence des Instituts d\u2019urbanisme.<\/p>\n<p style=\"text-align: justify;\"><b>Sur 157 dipl\u00f4mes de niveau Bac+5\/6 en urbanisme et am\u00e9nagement du territoire (niveau de r\u00e9f\u00e9rence europ\u00e9en de formation des urbanistes) recens\u00e9s par le CNJU en juin 2014, une cinquantaine \u00e9taient affili\u00e9s \u00e0 des Instituts d&rsquo;urbanisme<\/b>.\u00a0Les autres formations sont assur\u00e9es au sein de d\u00e9partements disciplinaires d&rsquo;universit\u00e9s (droit, \u00e9conomie, g\u00e9nie civil, g\u00e9nie urbain, g\u00e9ographie, sociologie, etc.), d&rsquo;\u00e9coles d&rsquo;architecture, de commerce, d&rsquo;ing\u00e9nieurs ou d&rsquo;Instituts d&rsquo;\u00e9tudes politiques.<\/p>\n<p style=\"text-align: justify;\">Il existe donc une\u00a0grande diversit\u00e9 de composantes de l&rsquo;Enseignement sup\u00e9rieur pouvant assurer la formation d&rsquo;urbanistes. En revanche,\u00a0la fili\u00e8re de formation des urbanistes est aujourd&rsquo;hui bien distincte des autres fili\u00e8res professionnelles de l&rsquo;urbanisme (architectes, g\u00e9om\u00e8tres-experts, ing\u00e9nieurs, paysagistes). La grande majorit\u00e9 des urbanistes entrant aujourd\u2019hui sur le march\u00e9 de l\u2019emploi sont dipl\u00f4m\u00e9s d\u2019un Master en urbanisme.<\/p>\n<h2 style=\"text-align: justify;\"><b>Les Instituts d\u2019urbanisme et d\u2019am\u00e9nagement du territoire fran\u00e7ais recens\u00e9s par le CNJU<\/b><\/h2>\n<ul style=\"text-align: justify;\">\n<li><strong><a href=\"http:\/\/www.iar.univ-cezanne.fr\/\" onclick=\"__gaTracker('send', 'event', 'outbound-article', 'http:\/\/www.iar.univ-cezanne.fr\/', 'Institut d&rsquo;urbanisme et d&rsquo;am\u00e9nagement r\u00e9gional d&rsquo;Aix-Marseille');\">Institut d&rsquo;urbanisme et d&rsquo;am\u00e9nagement r\u00e9gional d&rsquo;Aix-Marseille<\/a>\u00a0<\/strong>(Aix-Marseille Universit\u00e9)<\/li>\n<li><strong><a href=\"https:\/\/www.institut-urbanisme-normandie.org\/\" onclick=\"__gaTracker('send', 'event', 'outbound-article', 'https:\/\/www.institut-urbanisme-normandie.org\/', 'Institut d&rsquo;urbanisme de Normandie');\">Institut d&rsquo;urbanisme de Normandie<\/a><\/strong> (Universit\u00e9 Le Havre Normandie)<\/li>\n<li><strong><a href=\"http:\/\/www.iatu.u-bordeaux3.fr\/\" onclick=\"__gaTracker('send', 'event', 'outbound-article', 'http:\/\/www.iatu.u-bordeaux3.fr\/', 'Institut d&rsquo;am\u00e9nagement, de tourisme et d&rsquo;urbanisme');\">Institut d&rsquo;am\u00e9nagement, de tourisme et d&rsquo;urbanisme<\/a>\u00a0<\/strong>(Universit\u00e9 Bordeaux Montaigne)<\/li>\n<li><strong><a href=\"http:\/\/geoarchi.univ-brest.fr\/\" onclick=\"__gaTracker('send', 'event', 'outbound-article', 'http:\/\/geoarchi.univ-brest.fr\/', 'Institut de g\u00e9oarchitecture &#8211; Brest');\"><b>Institut de g\u00e9oarchitecture &#8211; Brest<\/b><\/a><\/strong> (Universit\u00e9 de Bretagne occidentale)<\/li>\n<li><b><a href=\"http:\/\/iadt.fr\/\" onclick=\"__gaTracker('send', 'event', 'outbound-article', 'http:\/\/iadt.fr\/', 'Institut d\u2019Auvergne de d\u00e9veloppement des territoires');\">Institut d\u2019Auvergne de d\u00e9veloppement des territoires<\/a><\/b>\u00a0(AgroParisTech, Universit\u00e9 d\u2019Auvergne Clermont-Ferrand 1, Universit\u00e9 Blaise Pascal Clermont-Ferrand 2, Vetagro Sup)<\/li>\n<li><b><a href=\"http:\/\/www.agroparistech.fr\/UFR-Developpement-local-et,994.html\" onclick=\"__gaTracker('send', 'event', 'outbound-article', 'http:\/\/www.agroparistech.fr\/UFR-Developpement-local-et,994.html', 'UFR D\u00e9veloppement local et am\u00e9nagement des territoires');\">UFR D\u00e9veloppement local et am\u00e9nagement des territoires<\/a><\/b>\u00a0(AgroParisTech)<\/li>\n<li><b><a href=\"http:\/\/www.upmf-grenoble.fr\/l-upmf\/les-composantes\/ufr-institut-d-urbanisme-de-grenoble-6723.htm\" onclick=\"__gaTracker('send', 'event', 'outbound-article', 'http:\/\/www.upmf-grenoble.fr\/l-upmf\/les-composantes\/ufr-institut-d-urbanisme-de-grenoble-6723.htm', 'Institut d\u2019urbanisme et de g\u00e9ographie alpine');\">Institut d\u2019urbanisme et de g\u00e9ographie alpine<\/a> <\/b>(Universit\u00e9 Pierre Mend\u00e8s-France Grenoble 2)<\/li>\n<li><b><a href=\"http:\/\/geographie.univ-lille1.fr\/Etudiants\/IAUL\/\" onclick=\"__gaTracker('send', 'event', 'outbound-article', 'http:\/\/geographie.univ-lille1.fr\/Etudiants\/IAUL\/', 'Institut d\u2019am\u00e9nagement et d\u2019urbanisme de Lille');\">Institut d\u2019am\u00e9nagement et d\u2019urbanisme de Lille<\/a><\/b>\u00a0(Universit\u00e9 des sciences et technologies Lille 1)<\/li>\n<li><b><a href=\"http:\/\/www.iul-urbanisme.fr\/\" onclick=\"__gaTracker('send', 'event', 'outbound-article', 'http:\/\/www.iul-urbanisme.fr\/', 'Institut d\u2019Urbanisme de Lyon');\">Institut d\u2019Urbanisme de Lyon<\/a><\/b>\u00a0(Universit\u00e9 Lumi\u00e8re Lyon 2)<\/li>\n<li><b><a href=\"http:\/\/www.igarun.univ-nantes.fr\/\" onclick=\"__gaTracker('send', 'event', 'outbound-article', 'http:\/\/www.igarun.univ-nantes.fr\/', 'Institut de g\u00e9ographie et d\u2019am\u00e9nagement r\u00e9gional de l\u2019Universit\u00e9 de Nantes');\">Institut de g\u00e9ographie et d\u2019am\u00e9nagement r\u00e9gional de l\u2019Universit\u00e9 de Nantes<\/a><\/b>\u00a0(Universit\u00e9 de Nantes)<\/li>\n<li><b><a href=\"http:\/\/territoires.cnam.fr\/l-equipe\/historique\/\" onclick=\"__gaTracker('send', 'event', 'outbound-article', 'http:\/\/territoires.cnam.fr\/l-equipe\/historique\/', 'D\u00e9partement villes, \u00e9changes et territoires du Conservatoire national des arts et m\u00e9tiers');\" target=\"_blank\">D\u00e9partement villes, \u00e9changes et territoires du Conservatoire national des arts et m\u00e9tiers<\/a> <\/b>(CNAM, \u00ab\u00a0\u00c9quipe territoires\u00a0\u00bb)<\/li>\n<li><b><a href=\"https:\/\/ecoledesponts.fr\/ville-environnement-transport\" onclick=\"__gaTracker('send', 'event', 'outbound-article', 'https:\/\/ecoledesponts.fr\/ville-environnement-transport', 'D\u00e9partement ville, environnement, transport');\">D\u00e9partement ville, environnement, transport<\/a><\/b>\u00a0(\u00c9cole des ponts ParisTech)<\/li>\n<li><a href=\"http:\/\/www.eup.fr\/\" onclick=\"__gaTracker('send', 'event', 'outbound-article', 'http:\/\/www.eup.fr\/', '\u00c9cole d&rsquo;Urbanisme de Paris');\"><strong>\u00c9cole d&rsquo;Urbanisme de Paris<\/strong><\/a> (Universit\u00e9 Paris-Est Cr\u00e9teil Val de Marne &#8211; Universit\u00e9 Paris-Est Marne-la-Vall\u00e9e), issue du rapprochement de l&rsquo;Institut d&rsquo;Urbanisme de Paris et de l&rsquo;Institut Fran\u00e7ais d&rsquo;Urbanisme<em><br \/>\n<\/em><\/li>\n<li><b><a href=\"http:\/\/www.sciences-po-urbanisme.fr\/\" onclick=\"__gaTracker('send', 'event', 'outbound-article', 'http:\/\/www.sciences-po-urbanisme.fr\/', '\u00c9cole d&rsquo;Urbaine');\">\u00c9cole d&rsquo;Urbaine<\/a> &#8211; <a href=\"http:\/\/www.sciences-po-urbanisme.fr\/\" onclick=\"__gaTracker('send', 'event', 'outbound-article', 'http:\/\/www.sciences-po-urbanisme.fr\/', 'cycle d\u2019urbanisme');\">cycle d\u2019urbanisme<\/a> <\/b>(Sciences Po)<em><br \/>\n<\/em><\/li>\n<li><a href=\"http:\/\/imu.universite-lyon.fr\/lecole-urbaine-de-lyon-laureate-de-lappel-a-projets-instituts-convergences\/\" onclick=\"__gaTracker('send', 'event', 'outbound-article', 'http:\/\/imu.universite-lyon.fr\/lecole-urbaine-de-lyon-laureate-de-lappel-a-projets-instituts-convergences\/', '\u00c9cole Urbaine de Lyon ');\"><strong>\u00c9cole Urbaine de Lyon <\/strong><\/a>(Universit\u00e9 de Lyon)<\/li>\n<li><b><a href=\"http:\/\/www.paris-sorbonne.fr\/l-universite\/sites-et-plans-d-acces\/les-sites\/autres-sites\/l-institut-de-geographie-et-d-4478\/article\/l-institut-d-urbanisme-et-d\/\" onclick=\"__gaTracker('send', 'event', 'outbound-article', 'http:\/\/www.paris-sorbonne.fr\/l-universite\/sites-et-plans-d-acces\/les-sites\/autres-sites\/l-institut-de-geographie-et-d-4478\/article\/l-institut-d-urbanisme-et-d\/', 'Institut d\u2019urbanisme et d\u2019am\u00e9nagement de la Sorbonne');\">Institut d\u2019urbanisme et d\u2019am\u00e9nagement de la Sorbonne<\/a><\/b>\u00a0(Universit\u00e9 Paris-Sorbonne)<em><br \/>\n<\/em><\/li>\n<li><b><a href=\"http:\/\/www.univ-reims.fr\/formation\/ufr-instituts-et-ecoles\/iateur\/presentation-de-l-iateur,12202.html?\" onclick=\"__gaTracker('send', 'event', 'outbound-article', 'http:\/\/www.univ-reims.fr\/formation\/ufr-instituts-et-ecoles\/iateur\/presentation-de-l-iateur,12202.html?', 'Institut d\u2019am\u00e9nagement des territoires, d\u2019environnement et d\u2019urbanisme de Reims');\">Institut d\u2019am\u00e9nagement des territoires, d\u2019environnement et d\u2019urbanisme de Reims<\/a><\/b>\u00a0(Universit\u00e9 de Reims Champagne-Ardenne)<\/li>\n<li><b><a href=\"http:\/\/www.univ-rennes2.fr\/iaur\" onclick=\"__gaTracker('send', 'event', 'outbound-article', 'http:\/\/www.univ-rennes2.fr\/iaur', 'Institut d\u2019am\u00e9nagement et d\u2019urbanisme de Rennes');\">Institut d\u2019am\u00e9nagement et d\u2019urbanisme de Rennes<\/a><\/b>\u00a0(\u00c9cole d\u2019architecture de Bretagne, Institut national des sciences appliqu\u00e9es de Rennes, Sciences Po Rennes, Universit\u00e9 Rennes 2)<\/li>\n<li><b><a href=\"http:\/\/sspsd.u-strasbg.fr\/Le-Departement-d-Urbanisme-et-d.html\" onclick=\"__gaTracker('send', 'event', 'outbound-article', 'http:\/\/sspsd.u-strasbg.fr\/Le-Departement-d-Urbanisme-et-d.html', 'Institut d\u2019urbanisme et d\u2019am\u00e9nagement r\u00e9gional de l&rsquo;Universit\u00e9 de Strasbourg');\">Institut d\u2019urbanisme et d\u2019am\u00e9nagement r\u00e9gional de l&rsquo;Universit\u00e9 de Strasbourg<\/a><\/b>\u00a0(Facult\u00e9 des Sciences Sociales de l&rsquo;Universit\u00e9 de Strasbourg)<\/li>\n<li><strong><a href=\"http:\/\/geographie.u-strasbg.fr\/\" onclick=\"__gaTracker('send', 'event', 'outbound-article', 'http:\/\/geographie.u-strasbg.fr\/', 'Institut de G\u00e9o-Am\u00e9nagement et d&rsquo;urbanisme de l&rsquo;Universit\u00e9 de Strasbourg');\" target=\"_blank\">Institut de G\u00e9o-Am\u00e9nagement et d&rsquo;urbanisme de l&rsquo;Universit\u00e9 de Strasbourg<\/a> <\/strong>(Facult\u00e9 de g\u00e9ographie et d&rsquo;am\u00e9nagement de l&rsquo;Universit\u00e9 de Strasbourg)<\/li>\n<li><b><a href=\"http:\/\/polytech.univ-tours.fr\/formations\/genie-de-l-amenagement-et-de-l-environnement-405799.kjsp?RH=POLYTECH_FR&amp;RF=1395832563157http:\/\/polytech.univ-tours.fr\/formations\/genie-de-l-amenagement-et-de-l-environnement-405799.kjsp?RH=POLYTECH_FR&amp;RF=1395832563157\" onclick=\"__gaTracker('send', 'event', 'outbound-article', 'http:\/\/polytech.univ-tours.fr\/formations\/genie-de-l-amenagement-et-de-l-environnement-405799.kjsp?RH=POLYTECH_FR&amp;RF=1395832563157http:\/\/polytech.univ-tours.fr\/formations\/genie-de-l-amenagement-et-de-l-environnement-405799.kjsp?RH=POLYTECH_FR&amp;RF=1395832563157', 'D\u00e9partement Am\u00e9nagement et Environnement de Polytech&rsquo; Tours');\" target=\"_blank\">D\u00e9partement Am\u00e9nagement et Environnement de Polytech&rsquo; Tours<\/a> <\/b>(\u00c9cole polytechnique de l&rsquo;Universit\u00e9 de Tours Fran\u00e7ois Rabelais<em> &#8211; ex Centre d\u2019\u00c9tudes Sup\u00e9rieures d&rsquo;Am\u00e9nagement<\/em>)<\/li>\n<\/ul>\n<p style=\"text-align: right;\"><em>Page mise \u00e0 jour le 11 octobre 2020<\/em><\/p>\n<h3 style=\"text-align: justify;\"><\/h3>\n<h3 style=\"text-align: justify;\">Voir \u00e9galement les propositions du CNJU :<\/h3>\n<h3 style=\"text-align: justify;\"><a href=\"http:\/\/www.jeunes-urbanistes.fr\/?p=1857\"><strong>\u00ab\u00a0D\u00e9velopper, au sein des Instituts d\u2019urbanisme, une gamme compl\u00e8te de formations et de qualifications initiales et continues\u00a0\u00bb<\/strong><\/a><\/h3>\n","protected":false},"excerpt":{"rendered":"<p>L\u2019offre de formation en urbanisme et am\u00e9nagement du territoire s\u2019est consid\u00e9rablement d\u00e9velopp\u00e9e et diversifi\u00e9e depuis la fin des ann\u00e9es 1960 avec la cr\u00e9ation des Instituts&#8230;<\/p>\n","protected":false},"author":1,"featured_media":0,"parent":27,"menu_order":1,"comment_status":"closed","ping_status":"closed","template":"","meta":{"jetpack_post_was_ever_published":false,"footnotes":""},"jetpack_sharing_enabled":true,"_links":{"self":[{"href":"http:\/\/www.jeunes-urbanistes.fr\/index.php?rest_route=\/wp\/v2\/pages\/41"}],"collection":[{"href":"http:\/\/www.jeunes-urbanistes.fr\/index.php?rest_route=\/wp\/v2\/pages"}],"about":[{"href":"http:\/\/www.jeunes-urbanistes.fr\/index.php?rest_route=\/wp\/v2\/types\/page"}],"author":[{"embeddable":true,"href":"http:\/\/www.jeunes-urbanistes.fr\/index.php?rest_route=\/wp\/v2\/users\/1"}],"replies":[{"embeddable":true,"href":"http:\/\/www.jeunes-urbanistes.fr\/index.php?rest_route=%2Fwp%2Fv2%2Fcomments&post=41"}],"version-history":[{"count":59,"href":"http:\/\/www.jeunes-urbanistes.fr\/index.php?rest_route=\/wp\/v2\/pages\/41\/revisions"}],"predecessor-version":[{"id":4047,"href":"http:\/\/www.jeunes-urbanistes.fr\/index.php?rest_route=\/wp\/v2\/pages\/41\/revisions\/4047"}],"up":[{"embeddable":true,"href":"http:\/\/www.jeunes-urbanistes.fr\/index.php?rest_route=\/wp\/v2\/pages\/27"}],"wp:attachment":[{"href":"http:\/\/www.jeunes-urbanistes.fr\/index.php?rest_route=%2Fwp%2Fv2%2Fmedia&parent=41"}],"curies":[{"name":"wp","href":"https:\/\/api.w.org\/{rel}","templated":true}]}}